w + g. What is the units digit of w?
1
Let d(m) = m + 4. Let f be d(5). Let p = f - 9. Let z = p - -2. What is the units digit of z?
2
Let f = 126 + -60. Let t = -35 + f. Suppose d - t + 3 = 0. What is the units digit of d?
8
Let c(p) be the third derivative of 7*p**4/24 - 7*p**3/6 + 7*p**2. Let x be c(-3). What is the tens digit of (-512)/x - (-4)/(-14)?
1
Let c be (-15)/5 - 6*-1. Suppose -2 - 1 = -2*t - c*y, -2 = 2*y. Suppose -t*s + 3*u = -6, 1 = 3*s - s - 3*u. What is the units digit of s?
5
Let k(w) be the first derivative of -19*w**2/2 - w + 5. Let q(v) = -39*v - 2. Let h(b) = -9*k(b) + 4*q(b). What is the units digit of h(1)?
6
Let v = -2 + 7. Let g = -6 + 11. Suppose -v*i = -0*i - g. What is the units digit of i?
1
Let z be (-1)/(-2)*(-3 - 3) + 0. What is the units digit of (z*(-2 + 7))/(1/(-3))?
5
Let y(t) = 2*t**2 - 14*t + 18. Let i be y(17). Suppose -i + 22 = -2*r. What is the units digit of r?
8
Suppose -4*o + 7*o - 2*z - 1304 = 0, -5*z + 1339 = 3*o. What is the tens digit of o?
3
Let z be 1 + -2 - (3 - 11). Suppose -918 - 300 = -z*l. What is the hundreds digit of l?
1
Let p be (4/(-10))/(2/80). Let x(g) = g**3 - 9*g**2 - 15*g + 121. Let a be x(9). Let k = a - p. What is the units digit of k?
2
Let q be 5 + -16 + (-1)/1 + -1. Let o = 42 - q. What is the units digit of o?
5
Let f(p) = 329*p**2 + 2*p. What is the tens digit of f(1)?
3
Let h = 746 - 689. What is the units digit of h?
7
Let h be (-4320)/(-84) - (-24)/42. Suppose -2*x + 4*t = -186, 3*x + 0*x = 2*t + 295. Let u = x - h. What is the tens digit of u?
4
Let m(u) = -u**2 + 4*u - 4. Let c be m(11). Let f be 1572/(-27) + (-4)/(-18). Let n = f - c. What is the tens digit of n?
2
Let d(k) = k + 10 + 2 + 2*k - k. Let q be d(0). What is the tens digit of 550/q + 13/78?
4
Suppose 4*l + 0*l + 20 = 0. Let d = 37 + l. Suppose -4*g - d = -6*b + 4*b, 2*b = 3*g + 27. What is the units digit of b?
6
Let h(x) = 180*x**2 - 9*x - 23. What is the thousands digit of h(-3)?
1
Let s = -704 + 984. What is the tens digit of s?
8
Let k(x) = 236*x**2 + 33*x - 81. What is the units digit of k(3)?
2
Let v = 34 - 29. Suppose -v*n = r - 6, 38 = 2*r - 4*n - 44. What is the tens digit of r?
3
Suppose 0*z = -4*z + 4*v + 20, 4*z + 5*v + 7 = 0. Suppose 4*j - z*m + 891 = 9*j, -702 = -4*j + 2*m. What is the tens digit of j?
7
Let c(h) = 24*h**2. Let r be c(-1). Suppose -3*z + 6*z = -r. What is the units digit of z/(-2) + 1*36?
0
Let c(g) = g**2 - g + 1. Let l be c(4). Let n(b) = b**3 + 37*b**2 + 69*b + 37. Let x be n(-35). Suppose 17*d - x = l*d. What is the tens digit of d?
1
Let o(u) = 4*u + 64. Suppose 0*b - g = 4*b - 95, b - 21 = -3*g. What is the tens digit of o(b)?
6
Let w = -1910 - -3079. What is the hundreds digit of w?
1
Let w = 27 - 15. Suppose -4*x - 11 = -5*k, 3*x = -5*k + 6 + w. Suppose k*y - 2*y - 41 = 0. What is the tens digit of y?
4
Let t = -2005 - -3046. What is the hundreds digit of t?
0
Let r(t) = t**3 - 18*t**2 + 18*t + 1. Let c be r(17). Let n be 42/(-4) - (-9)/c. What is the units digit of (-252)/n + (-9)/45?
5
Let k(y) = 13*y**2 - 262*y + 62. What is the units digit of k(26)?
8
Let q(a) = 4*a**3 + 2*a**2 - 15*a - 8. What is the thousands digit of q(7)?
1
Let h(c) = -11*c - 22. Let q(y) = -y**3 + 4*y**2 - 2*y - 1. Let r be q(2). Let n(k) = 2*k - 13. Let s be n(r). What is the units digit of h(s)?
5
Let y(l) = 57*l**3 + l**2 - l. Let a(u) = u**2 - u - 5. Let z be a(3). What is the tens digit of y(z)?
5
Let x = 18 - 17. Let b(y) = 37*y**2 - 2*y + 2. What is the units digit of b(x)?
7
Let n = -1240 + 2161. What is the units digit of n?
1
Let z be (-2385)/(-7) + 20/70 + 1. Suppose -9 = -3*i, -4*q - z = -7*q + 2*i. What is the hundreds digit of q?
1
What is the tens digit of 222/(-4)*7/((-21)/4)?
7
Let m = -1215 + 1961. What is the hundreds digit of m?
7
Suppose -4*l + 4*d - 2 = -6*l, 0 = 4*l - d + 32. Let w be 6/l*(-126)/36. Suppose 2 - w = -q. What is the units digit of q?
1
Suppose -k - 858 = 3*p, -4*p + p - 858 = -3*k. What is the tens digit of 6/15 - 3*p/5?
7
Let p = 52 + -53. What is the tens digit of (-2 + p)*-1 - -81?
8
Let c(p) = -p**3 + 13*p - p + 17 + 4 - 14*p**2 + 0*p**3. What is the tens digit of c(-15)?
6
Suppose -2 = -2*v - 56. Let x = 76 + -12. Let c = v + x. What is the tens digit of c?
3
What is the hundreds digit of (225/(-27) - -8)*-7662?
5
Let s = -94 - -342. Suppose t - 3*n - 127 = 0, 2*t - 3*n = s - 9. What is the units digit of t?
2
Suppose 4*m - 3*m - 4 = 0. Let s = m + -2. Suppose -a = -2*k + 48, -s*a + 60 = 2*k + 3*a. What is the tens digit of k?
2
Suppose 4*r = 27 - 119. Let o = -19 - r. Suppose -4*v = 5*h - 17 - 30, 3*h - 33 = -o*v. What is the units digit of h?
7
Let j = 53 + 202. Let c = j + -121. What is the hundreds digit of c?
1
Let t(v) = -v - 14. Let f be t(-14). Suppose a = -3*o + 42 + 18, f = a - 5*o - 92. Suppose 5*y + a = 13*y. What is the units digit of y?
9
Let d = -1472 + 3359. What is the thousands digit of d?
1
Suppose 0 = -5*k + 7*s - 3*s + 14, 0 = -2*k + 5*s + 9. Suppose 5*w - 2*l = 83, 2*w + k*w + 5*l - 73 = 0. Suppose -61 = -4*y - w. What is the units digit of y?
1
Suppose 0 = 6*z + 22 - 670. What is the tens digit of z?
0
Suppose 2*p + 20 = m - 2*p, 0 = 2*m + 2*p + 10. Suppose m = -2*k - 3*k + 4*o + 309, k - 5*o - 66 = 0. What is the units digit of k?
1
Let n = -13 + -4. Let q = -9 - n. Suppose f + f = q. What is the units digit of f?
4
Let d(i) = 35*i. Let t be d(-1). Let c = -216 + 277. Let j = c + t. What is the tens digit of j?
2
Let g(b) = -105 + 7*b - b**2 + 92 - 23*b. Let k be (30/4)/((-2)/4). What is the units digit of g(k)?
2
Let n be 19/4 + 6/24. Suppose -245 = -n*p - l - 4*l, 3*p = l + 155. What is the units digit of p?
1
Suppose -m + 4 = 2*g - 2, 15 = 5*g + 5*m. Suppose -2*a = -g*a + 50. What is the tens digit of a?
5
Let w(y) = 2*y**3 + 52*y**2 + 43*y - 43. What is the hundreds digit of w(-25)?
1
Let h = 672 - 469. What is the hundreds digit of h?
2
Let k = 34 + -25. What is the units digit of 63/4 - k/12?
5
Let n(z) = 3*z - 21. What is the tens digit of n(14)?
2
Let j(i) = -2*i**3 - 4*i**2 + i - 11. Suppose -4*c = -27 + 47. What is the hundreds digit of j(c)?
1
Let g(r) = 9*r**3 - r**2 + r + 2. Let f be g(-2). Let z = f - -95. What is the tens digit of z?
1
Let q = -12 + 16. Suppose 2*j + 2 = q. What is the units digit of (-1 + j)/2 + 26?
6
Let f(y) = y**3 - 6*y**2 + y + 8. Let w be f(7). Let c = w + -32. What is the units digit of c?
2
Let t = 304 + -127. Suppose t = 3*l - 0*l. What is the units digit of l?
9
Let l(v) = -11*v + 2. Let b be l(-1). Suppose -b - 23 = -3*c. What is the units digit of (2 - 0) + -5 + c?
9
Let q = 29 + -17. Suppose -q*c + 310 = -7*c. What is the units digit of c?
2
Suppose -7*k - 1567 = -7160. What is the tens digit of k?
9
Let o be 1/(-3) + (-5)/(-15). Let d be 1*(o/2)/2. Suppose d = -2*u + 3*u - 10. What is the tens digit of u?
1
Let m = 1085 - 629. Suppose 102 = -6*d + m. What is the tens digit of d?
5
What is the thousands digit of (5 - -506)/((-8)/(-16))?
1
Let m be 4 - 4*(-1 - 0). Let a(c) = c**3 - 9*c**2 + 10*c - 11. Let p be a(m). Let l(h) = 9*h + 10. What is the units digit of l(p)?
5
What is the tens digit of 326032/392 - (-4)/14?
3
Let p = 847 - 137. What is the units digit of p?
0
Let h = 2424 + -1279. What is the thousands digit of h?
1
Suppose -3*z + 0*l = -5*l - 265, -z = -2*l - 90. What is the tens digit of z?
8
Suppose -22*c - 3*q - 343 = -27*c, -271 = -4*c - q. Let f = -54 - -20. Let h = c + f. What is the tens digit of h?
3
Suppose -3*n - 293 = -2*u, -2*u + 4*n - 431 = -5*u. Let f = u + -97. What is the units digit of f?
8
Let j(k) = -k**3 - 21*k**2 + 1. Let h be j(-21). What is the tens digit of h + -2 - 197/(-3 - -2)?
9
Let p(v) be the third derivative of -v**5/30 + v**4/24 - 7*v**3/6 + 4*v**2. Let z be p(-5). What is the units digit of 48/(-16) - (z - -1)?
8
What is the units digit of 2/5 - 26515/(-25)?
1
Let u = -9 + 7. Let d = u + 2. What is the tens digit of 11*(0 + (d - -3))?
3
Let x(s) = 102*s**3 - 2*s**2 - s - 2. What is the units digit of x(2)?
4
Suppose 6 = 3*v + 5*b, -b + 1 = -4*v + 9. Suppose 0 = -3*k + 3*f + 33, -f - 47 = -2*k - v*k. What is the tens digit of k?
1
What is the hundreds digit of (21/(-2))/((15/5)/(-228))?
7
Suppose 6*w - 16 = 2*w. Suppose 0*n - 2*h = 